
Is 44 a factor of 1452?
True
Is 53801 a multiple of 11?
True
Does 35 divide 4798?
False
Is 113 a factor of 8691?
False
Is 25 a factor of 8900?
True
Is 37 a factor of 4759?
False
Is 15943 a multiple of 3?
False
Is 5637 a multiple of 19?
False
Is 448 a multiple of 32?
True
Does 281 divide 2810?
True
Is 677 a multiple of 2?
False
Is 20040 a multiple of 161?
False
Is 33472 a multiple of 16?
True
Does 163 divide 9617?
True
Is 11649 a multiple of 26?
False
Is 3445 a multiple of 24?
False
Does 43 divide 5762?
True
Is 68 a factor of 7941?
False
Is 17294 a multiple of 3?
False
Is 8344 a multiple of 7?
True
Does 24 divide 72?
True
Does 15 divide 60?
True
Is 51 a factor of 2397?
True
Is 41296 a multiple of 16?
True
Is 89 a factor of 5963?
True
Does 9 divide 123?
False
Is 61 a multiple of 2?
False
Is 4653 a multiple of 10?
False
Does 47 divide 141?
True
Does 2 divide 147?
False
Does 6 divide 19188?
True
Is 39 a factor of 3276?
True
Is 132 a multiple of 12?
True
Is 24 a factor of 528?
True
Is 38 a factor of 11596?
False
Is 1584 a multiple of 36?
True
Is 25038 a multiple of 214?
True
Is 57 a factor of 29013?
True
Is 10663 a multiple of 8?
False
Is 41 a factor of 8528?
True
Is 18601 a multiple of 155?
False
Is 1616 a multiple of 16?
True
Is 11 a factor of 979?
True
Is 612 a multiple of 34?
True
Is 93 a factor of 1860?
True
Is 112 a factor of 1680?
True
Is 8 a factor of 610?
False
Is 831 a multiple of 19?
False
Is 16 a factor of 109?
False
Is 33 a factor of 7557?
True
Is 49244 a multiple of 4?
True
Is 12 a factor of 1180?
False
Is 15 a factor of 4680?
True
Does 48 divide 76992?
True
Does 7 divide 1268?
False
Does 6 divide 131?
False
Is 1804 a multiple of 4?
True
Is 17565 a multiple of 6?
False
Is 5 a factor of 325?
True
Does 87 divide 15338?
False
Is 1332 a multiple of 6?
True
Is 54817 a multiple of 14?
False
Does 25 divide 1325?
True
Is 3 a factor of 17988?
True
Is 72 a factor of 17208?
True
Does 23 divide 667?
True
Does 11 divide 680?
False
Is 7273 a multiple of 12?
False
Does 69 divide 70424?
False
Is 3 a factor of 1793?
False
Is 122 a factor of 6552?
False
Is 11457 a multiple of 19?
True
Is 22 a factor of 35574?
True
Does 14 divide 210?
True
Does 16 divide 537?
False
Is 727 a multiple of 56?
False
Does 15 divide 10083?
False
Is 17 a factor of 80?
False
Is 37 a factor of 3523?
False
Does 9 divide 109?
False
Is 122 a factor of 1687?
False
Is 25 a factor of 851?
False
Is 24 a factor of 3888?
True
Does 18 divide 1098?
True
Is 91 a factor of 1001?
True
Does 9 divide 144?
True
Does 240 divide 18396?
False
Is 39 a factor of 1833?
True
Does 26 divide 14626?
False
Is 22 a factor of 177?
False
Is 110 a factor of 5060?
True
Does 132 divide 7788?
True
Does 89 divide 88639?
False
Does 77 divide 9163?
True
Is 536 a multiple of 134?
True
Does 78 divide 2964?
True
Is 3 a factor of 99?
True
Is 1170 a multiple of 26?
True
Does 8 divide 4061?
False
Does 24 divide 2407?
False
Is 29 a factor of 11774?
True
Is 3696 a multiple of 33?
True
Does 12 divide 25002?
False
Does 65 divide 4225?
True
Does 303 divide 2727?
True
Does 37 divide 2590?
True
Does 37 divide 1258?
True
Is 421 a multiple of 12?
False
Is 115 a multiple of 2?
False
Is 15741 a multiple of 27?
True
Does 8 divide 616?
True
Is 598 a multiple of 13?
True
Is 76 a factor of 11360?
False
Is 2460 a multiple of 2?
True
Does 15 divide 2019?
False
Does 5 divide 1379?
False
Is 51 a factor of 3009?
True
Does 36 divide 15840?
True
Is 17 a factor of 54689?
True
Is 139 a factor of 13028?
False
Is 744 a multiple of 6?
True
Is 3 a factor of 75?
True
Is 38 a factor of 187573?
False
Is 7315 a multiple of 55?
True
Is 14652 a multiple of 14?
False
Is 9 a factor of 1137?
False
Is 7 a factor of 14818?
False
Does 17 divide 476?
True
Is 40 a factor of 2640?
True
Is 1381 a multiple of 38?
False
Is 9 a factor of 43754?
False
Is 47 a factor of 3854?
True
Does 54 divide 34031?
False
Does 189 divide 1134?
True
Is 5657 a multiple of 19?
False
Is 299 a multiple of 16?
False
Is 2028 a multiple of 3?
True
Is 35 a factor of 7703?
False
Does 22 divide 26174?
False
Is 105 a factor of 82530?
True
Is 72006 a multiple of 33?
True
Is 1271 a multiple of 39?
False
Is 12 a factor of 3381?
False
Is 25 a factor of 7350?
True
Does 34 divide 21034?
False
Does 12 divide 516?
True
Is 5 a factor of 3385?
True
Is 1568 a multiple of 31?
False
Is 23 a factor of 1779?
False
Is 2 a factor of 69?
False
Is 1704 a multiple of 8?
True
Does 88 divide 440?
True
Is 1616 a multiple of 16?
True
Is 31204 a multiple of 8?
False
Is 330 a multiple of 27?
False
Is 49 a factor of 11885?
False
Does 47 divide 282?
True
Is 1455 a multiple of 5?
True
Is 2270 a multiple of 8?
False
Is 38 a factor of 17131?
False
Is 5 a factor of 10910?
True
Is 717 a multiple of 50?
False
Is 61 a factor of 11237?
False
Is 161 a factor of 19803?
True
Does 30 divide 18071?
False
Does 3 divide 1767?
True
Is 132 a multiple of 6?
True
Is 590 a multiple of 7?
False
Is 5 a factor of 3130?
True
Is 104 a factor of 3640?
True
Is 20691 a multiple of 33?
True
Does 94 divide 29608?
False
Is 8 a factor of 659?
False
Is 115 a multiple of 23?
True
Does 182 divide 41816?
False
Is 50766 a multiple of 135?
False
Does 9 divide 2277?
True
Is 1474 a multiple of 11?
True
Is 1050 a multiple of 25?
True
Is 204 a multiple of 5?
False
Does 15 divide 120?
True
Does 2 divide 209?
False
Is 14 a factor of 490?
True
Does 6 divide 312?
True
Is 11374 a multiple of 121?
True
Is 1893 a multiple of 164?
False
Does 17 divide 1185?
False
Is 40 a multiple of 7?
False
Is 15 a factor of 39102?
False
Is 6 a factor of 23019?
False
Does 15 divide 810?
True
Is 24 a factor of 49392?
True
Is 33 a factor of 17193?
True
Is 92 a factor of 110032?
True
Is 424 a multiple of 5?
False
Is 19 a factor of 1105?
False
Does 15 divide 391?
False
Is 1098 a multiple of 9?
True
Does 11 divide 212?
False
Is 2866 a multiple of 35?
False
Is 12 a factor of 3126?
False
Does 3 divide 6732?
True
Is 2 a factor of 180?
True
Is 139 a multiple of 5?
False
Is 43 a factor of 122?
False
Is 9 a factor of 274?
False
Does 29 divide 325?
False
Is 105 a multiple of 7?
True
Does 13 divide 962?
True
Does 4 divide 276?
True
Is 3 a factor of 357?
True
Does 85 divide 1383?
False
Is 2842 a multiple of 58?
True
Does 30 divide 297?
False
Does 13 divide 1459?
False
Is 53000 a multiple of 100?
True
Is 216 a multiple of 24?
True
Is 8 a factor of 7592?
True
Does 9 divide 45589?
False
Is 6584 a multiple of 6?
False
Does 48 divide 336?
True
Is 1430 a multiple of 2?
True
Does 55 divide 1615?
False
Does 101 divide 7474?
True
Is 2975 a multiple of 17?
True
Does 47 divide 5007?
False
Is 19440 a multiple of 486?
True
Is 47 a factor of 6000?
False
Is 87 a factor of 174?
True
Is 7070 a multiple of 57?
False
Is 643 a multiple of 5?
False
Does 67 divide 15834?
False
Is 384 a multiple of 54?
False
Is 30 a factor of 914?
False
Is 30 a factor of 11505?
False
Is 42863 a multiple of 16?
False
Does 37 divide 740?
True
Is 44 a factor of 23829?
False
Does 51 divide 16885?
False
Is 13 a factor of 67561?
True
Is 856 a multiple of 47?
False
Is 2017 a multiple of 29?
False
Does 70 divide 2673?
False
Is 40 a factor of 21093?
False
Does 4 divide 144?
True
Is 688 a multiple of 8?
True
Is 13452 a multiple of 76?
True
Is 4999 a multiple of 78?
False
Does 9 divide 10368?
True
Does 41 divide 369?
True
Is 19 a factor of 245?
False
Does 33 divide 99?
True
Does 36 divide 682?
False
Is 258 a multiple of 86?
True
Is 6 a factor of 10416?
True
Is 1582 a multiple of 12?
False
Is 41 a factor of 1081?
False
Is 31 a factor of 456?
False
Does 74 divide 312?
False
Is 32 a factor of 1571?
False
Is 8 a factor of 174?
False
Is 8 a factor of 49496?
True
Is 56 a factor of 12176?
False
Does 2 divide 112?
True
Is 26 a factor of 22206?
False
Is 827 a multiple of 60?
False
Is 158 a factor of 7685?
False
Is 595 a multiple of 7?
True
Is 284 a multiple of 36?
False
Is 30687 a multiple of 159?
True
Does 19 divide 1520?
True
Is 6309 a multiple of 14?
False
Is 36 a factor of 576?
True
Does 54 divide 3050?
False
Is 10 a factor of 890?
True
Is 11 a factor of 187?
True
Does 92 divide 777?
False
Is 356 a multiple of 7?
False
Is 13 a factor of 6006?
True
Is 127 a factor of 3729?
False
Is 9 a factor of 193?
False
Does 12 divide 504?
True
Does 33 divide 99?
T